ue
Let b(z) be the first derivative of 7*z**2 - 4*z - 2. Let d be b(6). Suppose -3*s + d = -25. Is s prime?
False
Suppose -f + 111 = -52. Is f prime?
True
Suppose 2*a = 3*i - 0*a - 9, 5*a = 3*i. Suppose -5*k - 67 + 475 = 2*t, t - 194 = -i*k. Let x = t + -27. Is x a prime number?
False
Suppose 5*d = -3*c + 27 + 11, -c + d + 2 = 0. Let u(q) = q**2 + 3*q - 7. Is u(c) composite?
False
Let j = 9421 - 6068. Is j a prime number?
False
Suppose 6*r - 126 = 8*r. Let i = r - -184. Is i prime?
False
Let u = 1 + 3. Suppose -u*b + 119 + 1397 = 0. Is b a prime number?
True
Let c(v) = -4*v - 2. Let t(s) = 3*s + 1. Let z(x) = -4*c(x) - 5*t(x). Suppose -3*g + g + 14 = 0. Is z(g) composite?
True
Let r(i) = 10*i**2 + 8*i + 1. Let v be r(8). Suppose 0*p - v = -3*p. Is p a composite number?
True
Suppose 5*r - 357 = -2*r. Is r composite?
True
Let q(l) = l**2 + 5*l + 4. Suppose 3*k + 5*i + 2 + 2 = 0, 6 = -k - 4*i. Let o be (0 - 0) + k + -8. Is q(o) prime?
False
Let q = 93 - 203. Is (-2)/(-6) + q/(-3) a composite number?
False
Suppose 5*n = -2*j + 19, 2*n + 4 - 2 = 4*j. Suppose -r = -n*a + 15, r + 0 + 5 = a. Suppose 0 = -r*o - 2*o + 38. Is o a composite number?
False
Let q(i) = 22*i + 3. Suppose -4*s - 3*y + 22 = 0, 5*s + y + 2*y = 26. Is q(s) composite?
True
Let a(s) = 139*s + 5. Is a(6) prime?
True
Let o(d) = 5*d**3 + 4*d**2 + 2*d - 2. Is o(5) a composite number?
False
Let u be (-3 - -12) + 0/1. Suppose -u = -5*r + 1. Is r/3*(-237)/(-2) prime?
True
Let p(w) be the first derivative of -1/4*w**4 - 1 + 1/2*w**2 - 5*w + 8/3*w**3. Is p(7) prime?
False
Suppose -40 = -5*f - 3*v - 0*v, -2*v = 5*f - 35. Suppose g - 2*m + 0*m - 77 = 0, -f*m = -5. Is g a composite number?
False
Let n = 6 - 2. Suppose -2*y - y - 3*z + 261 = 0, -y - n*z = -81. Is y composite?
False
Let p be 4/(-6) - (-3175)/15. Is (p/2)/(1/2) prime?
True
Let y(b) = -121*b**2 + b - 1. Let j(a) = -121*a**2 + a - 1. Let q(w) = -4*j(w) + 3*y(w). Is q(1) composite?
True
Is 89 + -2 - (0 - 2) prime?
True
Suppose f + f - 2 = d, 3*d - 2*f = 2. Suppose i = -s + d, -2*s + 3*i = -s + 10. Is (15/6)/(s/(-4)) a prime number?
False
Suppose -62 = -5*u - 4*a, -3*a + 19 = -2*u + 3*u. Let c(q) = 8*q - 3. Is c(u) composite?
True
Let a(t) = t**3 + 8*t**2 + 6*t. Suppose -8*i = -4*i + 28. Is a(i) a prime number?
True
Suppose -2 = -s - 0. Let z be (-2)/3*(-15)/s. Suppose 0 = 5*l + z*u + 7 + 8, 4*l = -3*u - 7. Is l a prime number?
True
Suppose 990 = 3*s + 240. Is (2 - 2) + (s - -1) composite?
False
Suppose 4*k - 5159 = -5*y, 2*y + 0*k - 2059 = 3*k. Is y prime?
True
Let z = -8 - -15. Let f = -2 + z. Suppose -f*o = -213 + 58. Is o a composite number?
False
Let i = 1395 + -346. Is i composite?
False
Let s(a) = a**2 - 3*a - 2. Let r be s(4). Let z(l) be the first derivative of 13*l**4/2 + l**3/3 - l**2/2 + l - 15. Is z(r) a prime number?
True
Suppose -5*n = -115 - 210. Is n a prime number?
False
Let b = -2 + 4. Let a be (7/(b/(-2)))/(-1). Let v(o) = 5*o - 4. Is v(a) a composite number?
False
Let r be 7/(14/(-20)) + 2. Let v(j) = -29*j + 19. Is v(r) a composite number?
False
Suppose 2*h = q - 543 - 904, 3*q - 4385 = -5*h. Suppose -8*s = -5*s - q. Is s prime?
False
Suppose g + 189 = d, -350 = -2*d - 4*g - g. Let k be (10/(-4))/((-3)/6). Suppose 20 = -k*w + d. Is w prime?
False
Let n = -112 - -64. Let t = n + 101. Is t prime?
True
Suppose -77 = 3*b + 106. Let a = -24 - b. Is a a prime number?
True
Let x(v) = v**3 + 6*v**2 - 4*v + 4. Suppose -s + 48 = -5*s. Let c = s - -7. Is x(c) composite?
True
Let p(o) = -o**3 + 7*o**2 - 4*o - 8. Let a be p(6). Suppose -y - 2*r - 104 = -5*y, -104 = -a*y + r. Is y a prime number?
False
Let o = 5 - 1. Suppose -o*k + 265 = k. Is k composite?
False
Suppose -3*h + 4*r - 5 = 1, 0 = 5*r - 15. Suppose 90 = -h*c + 2426. Suppose c = 4*x - 4*t, 2*x + 4*t = -0*t + 554. Is x composite?
True
Suppose 4*z + 694 - 2162 = 4*p, -4*z - 4*p = -1500. Is z a prime number?
False
Let t be (-18)/(-12)*8/6. Let f be -3 + -1 + t - -5. Suppose f*h + 1 = 112. Is h a prime number?
True
Let p(x) = x**3 + 10*x**2 + 8*x - 4. Let m be p(-9). Suppose -m*f + 2485 = -0*f. Is f prime?
False
Let w(m) = m**2 - m + 7. Is w(-3) a prime number?
True
Let h(p) = p**3 + p**2 + 2*p + 1. Let a be h(-1). Let k be 4/(-6)*(7 + a). Is (k/(-8))/((-2)/(-380)) a prime number?
False
Suppose 0*c = 5*c - 2485. Is c prime?
False
Is 6/(-8) - (-151)/4 a composite number?
False
Let w be (-8)/(-24) - (-44)/(-6). Let v(s) = s + 19. Let h be v(-8). Let r = w + h. Is r a prime number?
False
Let r(s) = s**2 - 6. Suppose -l - 5 = -2*l. Suppose 35 = -l*q - 5. Is r(q) a composite number?
True
Let w(g) = 45*g**2 + 15*g - 7. Is w(10) a prime number?
True
Suppose 2291 = 3*y - 2578. Is y prime?
False
Let q(j) = 15*j**2 - 2*j - 20. Let a(l) = -5*l**2 + l + 7. Let u(v) = 17*a(v) + 6*q(v). Is u(-6) a prime number?
True
Let n(x) = 13*x**3 + x**2 + 2*x + 1. Let g be n(2). Suppose -88 = -3*t + g. Is t composite?
False
Let r(g) = g**3 - 3*g**2 + 3*g - 2. Let i be r(2). Suppose i = d - 18 - 16. Is d a composite number?
True
Let g = -19 - -74. Is g composite?
True
Suppose 5*w = -4*m - 28, 3*w + 10 = -0*m + m. Is w*(98/(-8) + -1) a prime number?
True
Let l = -73 + 818. Is l composite?
True
Suppose -3 = 4*g - 11. Suppose g*l - 977 = -73. Suppose q + l = 5*q. Is q composite?
False
Suppose h - 6*h = 3*f - 7976, 4*h - 3*f = 6370. Suppose -5*w = 2*a - 1673, 5*w = -a + h + 80. Is w a composite number?
True
Let a be (4/(-2))/(-2)*-1. Let i be 18 + a + (-3)/(-3). Suppose i = 4*j - 10. Is j a composite number?
False
Let z be (10/(-2))/(-2 + 1). Suppose z*p - b = 562, 0*p + 214 = 2*p - 4*b. Suppose 0 = -m - 36 + p. Is m prime?
False
Let u(q) be the third derivative of 5*q**4/6 - 2*q**3/3 - 2*q**2. Let v be u(4). Suppose -76 = -4*w - 4*n + n, v = 4*w - n. Is w a prime number?
True
Suppose -p + 231 = 2*p. Is p composite?
True
Let x be (-3 - -901)/(2/1). Suppose -5*s + 4*y = -x, 4*y + 8 = 2*s - 174. Is s a composite number?
False
Let y be ((-413)/(-1) - -3)/1. Is -1 - (3 - 1 - y) prime?
False
Suppose 0 = 4*v - 3*u - 480, 0*v + 4*u + 476 = 4*v. Is v a prime number?
False
Suppose 5*k + 2*c - 569 = c, -2*k + 4*c = -232. Suppose -k = -2*j + 116. Is j composite?
True
Is ((-309)/(-9))/(2/6) prime?
True
Suppose -2*t + t = 2*o + 13, 4 = -o. Let c = t + 12. Is c a composite number?
False
Let n = -127 + -261. Let w = 605 + n. Is w a composite number?
True
Suppose -2*a + 2 = -2. Suppose a*u - 5*u = -3*y - 18, -5*u + 2*y + 24 = 0. Suppose 2*i = -u*m + 192, 5*m + 47 = -5*i + 297. Is m a composite number?
True
Suppose 5*r = 5*d - 50, -2*d - 2*d = 5*r - 67. Is d a composite number?
False
Let k = -218 - -144. Suppose -o = 5*p + 584, 3*p - 2*p - o + 118 = 0. Let u = k - p. Is u a prime number?
True
Suppose 0 = -0*w - 2*w - 4. Let j = w - -6. Suppose -3*s - j*p + 0 = -9, 0 = -p. Is s composite?
False
Let r(z) be the first derivative of -z**6/360 + 7*z**5/120 - z**3/3 - 2. Let o(t) be the third derivative of r(t). Is o(5) prime?
False
Let m(y) = 8*y - 5. Let j be m(4). Let t = j - 13. Is t composite?
True
Let k(s) = -4*s**3 + 2*s**2 - 1. Let u be k(1). Let t be ((-59)/2)/(u/(-6)). Let j = t + 138. Is j a composite number?
False
Let x(m) = -m. Let b be x(2). Let u be 4*5/2 + b. Let t(l) = l**2 + l + 5. Is t(u) a prime number?
False
Let i = 4 + -1. Let p(d) = -30*d + 4. Let j be p(-3). Suppose i*o - 47 = j. Is o a composite number?
False
Let a be (32/(-6))/((-8)/60). Suppose -7*h + a = -3*h. Is h prime?
False
Let r(q) = -70*q - 4. Let z be r(3). Let k = -135 - z. Is k a prime number?
True
Let z be ((-15)/(-10))/((-3)/(-16)). Let x = z - 7. Is 1*(14/x + 0) composite?
True
Suppose 5*y - 4*x = 3*y + 12, 2*x + 30 = -5*y. Let i(j) = 5*j**2 + 4*j + 1. Let h be i(y). Suppose 6*s = s + h. Is s a composite number?
False
Let a(d) = -26*d - 1. Let h be a(-6). Let z(m) = -2*m + 4. Let t be z(5). Let b = h + t. Is b composite?
False
Suppose -7*v - 1346 = -9*v. Is v a prime number?
True
Suppose 0 - 3 = -q. Let m be 62/q*18/12. Suppose g - 46 = m. Is g a prime number?
False
Let x be 0*(-2)/4*1. Let v = 0 + 3. Suppose -39 = -v*s - x*s. Is s a composite number?
False
Let o be (-2 - -2)/(-2) - -3856. Is (-8)/36 + o/18 a composite number?
True
Let v = -153 - -222. Is v composite?
True
Suppose 3 + 145 = 2*q - 3*o, 3*o = -5*q + 391. Let g = 